 and 64?
8
What is the greatest common factor of 20035 and 5?
5
Calculate the highest common factor of 5 and 53.
1
What is the highest common divisor of 10769 and 445?
89
Calculate the highest common factor of 9021 and 2037.
291
Calculate the greatest common divisor of 275 and 11.
11
Calculate the highest common divisor of 5103 and 630.
63
Calculate the highest common factor of 375 and 3.
3
What is the highest common factor of 67649 and 61?
61
What is the greatest common factor of 2706 and 1815?
33
What is the highest common factor of 808 and 505?
101
Calculate the greatest common factor of 28 and 658.
14
What is the highest common factor of 38 and 1634?
38
Calculate the greatest common factor of 111 and 1147.
37
Calculate the highest common divisor of 312 and 16.
8
What is the highest common factor of 93 and 31?
31
Calculate the highest common divisor of 26 and 5122.
26
Calculate the greatest common divisor of 8418 and 138.
138
Calculate the highest common factor of 3 and 111.
3
Calculate the highest common factor of 9 and 99.
9
Calculate the highest common factor of 119 and 187.
17
Calculate the greatest common divisor of 1224 and 504.
72
What is the greatest common factor of 4700 and 100?
100
What is the greatest common factor of 2163 and 21?
21
What is the highest common factor of 20 and 150?
10
Calculate the highest common factor of 22 and 6622.
22
What is the highest common factor of 8 and 5078?
2
Calculate the greatest common divisor of 176 and 22352.
176
Calculate the highest common factor of 18 and 4761.
9
Calculate the greatest common divisor of 1535 and 25.
5
Calculate the greatest common divisor of 153 and 9.
9
What is the greatest common factor of 11 and 374?
11
Calculate the highest common factor of 152 and 114.
38
What is the greatest common divisor of 55 and 11000?
55
Calculate the highest common factor of 175 and 105.
35
What is the greatest common divisor of 342 and 36?
18
What is the greatest common divisor of 1656 and 144?
72
What is the highest common divisor of 9792 and 102?
102
Calculate the highest common divisor of 2071 and 2507.
109
What is the greatest common factor of 592 and 184?
8
Calculate the greatest common divisor of 897 and 69.
69
What is the greatest common factor of 59 and 32155?
59
Calculate the highest common factor of 824 and 6901.
103
What is the highest common factor of 132 and 1023?
33
What is the greatest common divisor of 22797 and 204?
51
What is the greatest common divisor of 2976 and 96?
96
Calculate the highest common divisor of 12 and 40692.
12
Calculate the greatest common divisor of 20816 and 16.
16
What is the highest common divisor of 1 and 97?
1
Calculate the greatest common divisor of 10 and 2510.
10
What is the greatest common divisor of 5151 and 101?
101
What is the highest common divisor of 572 and 208?
52
What is the highest common factor of 121 and 77?
11
What is the greatest common divisor of 82 and 41?
41
What is the highest common divisor of 1212 and 12?
12
Calculate the highest common factor of 27 and 54.
27
Calculate the highest common divisor of 294 and 70.
14
Calculate the highest common divisor of 40 and 1140.
20
What is the highest common divisor of 1455 and 15?
15
What is the greatest common divisor of 1079 and 83?
83
What is the greatest common factor of 78 and 2418?
78
What is the greatest common factor of 465 and 2170?
155
What is the greatest common divisor of 121 and 2?
1
Calculate the greatest common divisor of 6522 and 24.
6
What is the greatest common divisor of 1912 and 13623?
239
What is the highest common factor of 8 and 3112?
8
What is the greatest common divisor of 54 and 3?
3
Calculate the highest common factor of 567 and 7.
7
What is the greatest common divisor of 440 and 680?
40
What is the greatest common divisor of 2534 and 14?
14
What is the highest common factor of 3962 and 28?
14
What is the highest common factor of 360 and 5445?
45
What is the highest common factor of 198 and 234?
18
Calculate the greatest common divisor of 376 and 47.
47
What is the greatest common divisor of 11 and 836?
11
What is the highest common divisor of 2 and 202?
2
Calculate the highest common divisor of 35 and 10.
5
What is the highest common factor of 559 and 989?
43
What is the highest common factor of 8294 and 1885?
377
Calculate the highest common factor of 1485 and 1650.
165
Calculate the greatest common divisor of 28 and 938.
14
Calculate the greatest common factor of 104 and 32.
8
Calculate the highest common divisor of 18 and 1818.
18
What is the greatest common factor of 5992 and 56?
56
What is the highest common factor of 825 and 435?
15
What is the highest common divisor of 803 and 22?
11
What is the greatest common divisor of 73 and 657?
73
What is the greatest common divisor of 11076 and 78?
78
What is the greatest common factor of 539 and 33?
11
What is the highest common divisor of 48 and 808?
8
What is the highest common divisor of 76 and 1444?
76
What is the greatest common divisor of 68 and 629?
17
Calculate the greatest common factor of 710 and 10.
10
What is the highest common factor of 3427 and 23?
23
Calculate the greatest common factor of 131 and 5.
1
What is the highest common divisor of 1806 and 84?
42
Calculate the highest common divisor of 35 and 105.
35
Calculate the highest common divisor of 14 and 175.
7
What is the greatest common divisor of 10788 and 248?
124
Calculate the greatest common divisor of 79 and 711.
79
Calculate the greatest common divisor of 2325 and 240.
15
Calculate the greatest common divisor of 65 and 10.
5
Calculate the highest common divisor of 77 and 21.
7
What is the greatest common divisor of 5782 and 14?
14
Calculate the highest common factor of 53394 and 66.
66
Calculate the greatest common divisor of 38 and 8.
2
What is the highest common factor of 58 and 4582?
58
Calculate the highest common factor of 54 and 2.
2
What is the highest common factor of 104 and 2314?
26
What is the greatest common factor of 2652 and 1924?
52
What is the greatest common divisor of 32 and 64?
32
Calculate the highest common factor of 24 and 72.
24
Calculate the highest common factor of 147 and 16807.
49
What is the greatest common factor of 759 and 805?
23
What is the highest common factor of 1182 and 30?
6
What is the highest common divisor of 315 and 42?
21
Calculate the highest common divisor of 749 and 6527.
107
Calculate the greatest common divisor of 16 and 1424.
16
Calculate the highest common divisor of 11 and 6347.
11
What is the highest common factor of 336 and 20328?
168
What is the highest common factor of 65070 and 270?
270
Calculate the greatest common factor of 4484 and 76.
76
What is the highest common divisor of 280 and 448?
56
Calculate the highest common factor of 50 and 50.
50
What is the highest common factor of 172 and 2150?
86
What is the greatest common divisor of 84 and 48?
12
Calculate the highest common factor of 49 and 6.
1
What is the highest common factor of 142 and 3408?
142
Calculate the highest common divisor of 15 and 480.
15
What is the highest common factor of 11 and 143?
11
Calculate the greatest common factor of 18 and 5058.
18
Calculate the highest common divisor of 53 and 265.
53
Calculate the highest common factor of 15 and 30.
15
What is the greatest common divisor of 1908 and 72?
36
What is the highest common divisor of 2592 and 496?
16
Calculate the highest common factor of 1144 and 260.
52
What is the highest common factor of 854 and 126?
14
Calculate the highest common divisor of 696 and 12.
12
What is the greatest common divisor of 7965 and 590?
295
Calculate the greatest common divisor of 72 and 252.
36
Calculate the greatest common divisor of 114 and 1558.
38
Calculate the highest common divisor of 120 and 17520.
120
Calculate the greatest common divisor of 75 and 2425.
25
Calculate the highest common factor of 11 and 3641.
11
Calculate the highest common divisor of 6 and 1110.
6
Calculate the greatest common divisor of 10 and 13735.
5
What is the highest common divisor of 297 and 396?
99
What is the highest common factor of 165 and 22?
11
Calculate the highest common divisor of 56 and 70.
14
What is the highest common divisor of 18 and 603?
9
Calculate the highest common divisor of 206 